ose -2*l = -l - 3. Let b = l - -1. Let t(g) = -4*g**2 - 16*g + 3136. Let c be t(-30). What is the highest common factor of c and b?
4
Let v be 10/45 - (-14728)/63. Suppose 34*x - 28*x = v. Calculate the highest common factor of 169 and x.
13
Let h be 72/(-6)*(-4)/12 - -17. Let i = 135 + -51. What is the greatest common divisor of h and i?
21
Let a = 45 + 39. Let s be (a - 0) + (15/(-5) - 1). What is the highest common factor of 360 and s?
40
Suppose 3609 - 3329 = 8*n. Suppose 60 = -5*l + l. Let c be 2 + 27/l - (-1953)/n. What is the highest common divisor of c and 8?
8
Let r(w) = -w**2 - 15*w + 42. Let n be r(-17). Let a(h) = h + h**2 + h + 21*h + n + 4. Let i be a(-23). What is the greatest common factor of 192 and i?
12
Suppose 2*u = -4*m + 104, 5*u - 617*m + 615*m = 248. Suppose 0 = -0*g - 4*g + 8. What is the highest common factor of u and g?
2
Suppose 320*o - 275*o - 315 = 0. Suppose 2*x - 3*l = -2*l + 58, -3*x = -2*l - 88. Calculate the highest common divisor of o and x.
7
Let p(n) = -4*n - 35. Let b be p(-8). Let t be 9 + -9 + (-90)/b. Calculate the greatest common divisor of t and 18.
6
Let y(u) = -3*u - 51 + 2*u + 4*u. Let n(t) = 14*t - 23. Let o be n(3). Let k be y(o). What is the greatest common factor of 30 and k?
6
Suppose 1292 + 13702 = 42*t. What is the greatest common divisor of 1377 and t?
51
Suppose -2*x = -p - 37, 17 = 2*x + 2*p - 7*p. Let n = 15 + x. Calculate the highest common factor of 96 and n.
12
Suppose 32*k + 84 = 3*a + 27*k, 5*a = 2*k + 121. What is the greatest common divisor of 9 and a?
1
Suppose 4*h - 21*h = 34. Let b(n) = -16*n - 4. Let t be b(h). Calculate the highest common factor of t and 448.
28
Let n = -15 + 27. Let l = -8367 - -8457. What is the highest common divisor of l and n?
6
Let x(w) = 99*w**2 + 127*w - 4. Let b be x(-2). Calculate the highest common divisor of b and 575.
23
Let c = -5961 - -8651. What is the highest common factor of c and 10?
10
Suppose 33 = 2*u + 19 - 26. Calculate the greatest common factor of 4090 and u.
10
Let v = 5854 - 5830. Calculate the greatest common divisor of v and 462.
6
Let l = -2538 + 2552. Suppose -g + 10 = -5. Let i be 294/g*(2 + 3). Calculate the highest common divisor of l and i.
14
Suppose -2*c + 7*c = -120. Let y = 30 + c. Suppose 47 = y*i + 5. What is the highest common factor of 14 and i?
7
Let q(v) = 302*v + 1386. Let d be q(0). What is the greatest common factor of d and 70?
14
Let x = 1692 - 1004. Calculate the highest common divisor of x and 301.
43
Suppose -5*i = -0*i - 120. Let t = 197 + -177. Let c be (16 + -1)*(i/t + 3). What is the greatest common divisor of c and 42?
21
Let u be (-78)/4*(1 + -13). What is the greatest common divisor of 208 and u?
26
Let q = 89 + -48. Suppose q + 44 = 2*m + k, -5*m + 217 = k. What is the greatest common factor of 4 and m?
4
Suppose 0 = 5*u + a - 46, u - 4*u + 42 = -3*a. Let q = -11 + u. Let n be q + -2 + 0 - -11. What is the greatest common factor of n and 8?
8
Let y be (-7 + 10 + 1)*-3. Let a be (18 + 2)*(16 + y). What is the highest common factor of 220 and a?
20
Let j = -7 + 3. Let f be (56/42)/(j/(-6)). Suppose x = 2*h - 155, x - 325 = f*h - 6*h. Calculate the highest common factor of h and 32.
16
Suppose 88*v - 4611 + 739 = 0. Calculate the greatest common factor of v and 374.
22
Suppose 73 = -5*p - 4*u + 15, 0 = -p - 5*u + 1. Let o be (-150)/p + 38/133. Calculate the highest common factor of 176 and o.
11
Suppose -4*i - 20 = -96. Suppose v - 66 - 36 = 0. Suppose -3*b = -387 + v. What is the highest common divisor of i and b?
19
Suppose 0 = -391*f + 58464 + 123351. Calculate the highest common factor of f and 120.
15
Let s = -5490 + 5715. Calculate the highest common factor of 5 and s.
5
Let t = 2981 + -2729. What is the greatest common divisor of 108 and t?
36
Suppose 0 = -77*z + 4362 + 258. Let i be (1/(-2))/(1/(-780)). Calculate the highest common factor of z and i.
30
Suppose -2*k = -6*k + 16. Suppose -5*i + 136 = -0*l + k*l, -4*i = 5*l - 161. Let a = l - -55. What is the highest common divisor of 63 and a?
21
Let g = 19863 - 15061. What is the highest common factor of g and 14?
14
Let v(s) be the first derivative of 2*s**3/3 - 7*s**2 + 24*s - 27. Let o be v(9). What is the greatest common factor of o and 36?
12
Let i be 58/(-12) + (-4)/24. Let h(b) = -b - 9. Let s be h(i). Let f(y) = y**3 + 5*y**2 + 4*y + 6. Let u be f(s). What is the highest common factor of 3 and u?
3
Let q(n) = 1057*n**2 + 67*n - 72. Let d be q(1). Calculate the highest common divisor of d and 2893.
263
Let w = 1298 - -1142. Calculate the highest common factor of 50 and w.
10
Let a(o) = -2*o**3 - 7*o + 4. Let s be a(0). Calculate the highest common divisor of 1612 and s.
4
Suppose 0 = -0*z - 3*z + 54. Suppose -5*r + 447 - 87 = 5*u, 3*u + 295 = 4*r. Let c = r - 28. Calculate the greatest common factor of z and c.
9
Let p(o) = 22*o**2 - 3*o + 8. Let i(g) = -56*g**2 + 8*g - 20. Let z(r) = -5*i(r) - 12*p(r). Let l be z(2). Calculate the highest common divisor of l and 40.
20
Let z = -1554 + 1572. Let s be -1 - 9/z - (-1413)/6. Let k = 66 + -40. Calculate the highest common divisor of s and k.
26
Let q = 0 + 5. Let n be (1310/8*4/10)/(236/2360). What is the highest common factor of n and q?
5
Suppose 5*o - 1167 = -3*j, 251 = 3*o - 2*o + 5*j. Let k = 1640 - 1618. Let l be 8 + -8 + -1 + k. Calculate the greatest common factor of l and o.
21
Let o = -34 + 52. Suppose o*t + 35 = 19*t. Suppose 0 = -x - 4*v + t, 2*v + 21 - 1 = 2*x. What is the greatest common factor of 135 and x?
15
Let o(j) = j**3 + 16*j**2 - 17*j + 44. Let i be o(-18). Let v = -145 - i. What is the highest common divisor of 102 and v?
51
Let f(r) = 7*r - 22. Let i be f(-24). Let t = -182 - i. Suppose -3*d = 5*c - 49, c + 10 - 31 = -2*d. What is the greatest common divisor of d and t?
8
Let l be 87 - -4 - ((-48)/(-4))/(-6). Let b = 4 + 1. Suppose 4*m - 5*q - 238 = 0, 81 = 2*m - b*q - 33. What is the greatest common divisor of l and m?
31
Suppose -3*i + i + 4082 + 6044 = 0. What is the highest common divisor of i and 122?
61
Suppose -269*i = -318*i + 158319. Calculate the greatest common factor of i and 36.
9
Suppose 2159*h - 2155*h - 36 = 0, -5*o - h + 1564 = 0. Calculate the greatest common divisor of o and 1555.
311
Suppose 4*f = 17*f - 4953. Let p = -194 + f. Calculate the greatest common divisor of 55 and p.
11
Let a(j) = -j**2 - 11*j - 29. Let y be a(-7). Let p be 27/(y/42*-7). What is the highest common divisor of 36 and p?
18
Let h be 115/10 - (66/44 + 0/(-2)). What is the highest common divisor of h and 855?
5
Suppose 43 + 73 = 58*u. What is the greatest common divisor of 53 and u?
1
Let v(z) = -68*z - 3. Let q(a) = a - 1. Let c(n) = -6*q(n) + v(n). Let m be c(-3). What is the highest common divisor of m and 9?
9
Suppose -1 = 3*s + 4*f, -s - 3*s + 36 = -4*f. Suppose 3*b - 5*w + w = 359, 126 = b + s*w. Let d = 135 - b. What is the highest common factor of d and 49?
7
Suppose -4*r + 40 = -32. Suppose -r = -8*x - 2. Suppose -59 - 13 = -x*f. Calculate the highest common factor of 12 and f.
12
Let x be ((-6)/4)/(383/(-298740)). Calculate the greatest common factor of x and 36.
18
Let z be 1/(-4) + (-1491)/(-28). Suppose 2*s - 2*x = -4*x + 114, s - 2*x = 66. Let f = s - z. What is the greatest common divisor of 63 and f?
7
Let n be (6 + 181 - (1 + 0))/((-28)/(-2240)). What is the highest common factor of 93 and n?
93
Let p = 2860 - 2838. What is the greatest common divisor of 297 and p?
11
Let f(n) = -4*n - 11*n**2 + n**3 + 27*n - 8*n**2 - 16 - 4*n**2. Let k be f(22). Calculate the greatest common divisor of k and 18.
6
Suppose -28*v = -21*v + 560. Let z = v - -113. Calculate the highest common divisor of 264 and z.
33
Suppose 3*b - 3*i = -5*i + 27, -2*b + 3*i = -5. Let k be 969/133 + (-2)/b. What is the highest common divisor of 3 and k?
1
Suppose -4*r + 187 = 5*y, 2*r - 33 = -y - r. Let u(b) = 9*b - 36. Let k be u(17). What is the highest common factor of y and k?
39
Let s(r) = 2*r**3 - 187*r**2 + 99*r - 492. Let l be s(93). Calculate the greatest common factor of l and 11517.
33
Suppose 5*l = -14*a + 15*a + 20194, -4*a - 16152 = -4*l. Calculate the highest common divisor of 7 and l.
7
Let x = 21685 - 21661. What is the highest common factor of x and 1164?
12
Let t be (72